{"id":82,"date":"2021-07-05T22:53:44","date_gmt":"2021-07-05T20:53:44","guid":{"rendered":"https:\/\/rrkserwis.nazwa.pl\/3xm\/?page_id=82"},"modified":"2025-08-23T15:02:52","modified_gmt":"2025-08-23T13:02:52","slug":"wzorniki-kolorow","status":"publish","type":"page","link":"https:\/\/ph3xm.pl\/?page_id=82","title":{"rendered":"Wzorniki Kolor\u00f3w"},"content":{"rendered":"\r\n<p>&nbsp;<\/p>\r\n<table style=\"border-collapse: collapse; width: 100%;\">\r\n<tbody>\r\n<tr>\r\n<td style=\"width: 50%;\"><img loading=\"lazy\" decoding=\"async\" class=\"alignnone  wp-image-225\" src=\"https:\/\/ph3xm.pl\/wp-content\/uploads\/2025\/08\/12378-tikkurila_logo.jpg\" alt=\"\" width=\"253\" height=\"81\" \/><\/td>\r\n<td style=\"width: 50%;\"><strong><span style=\"color: #333333;\"><a style=\"color: #333333;\" href=\"https:\/\/tikkurila.pl\/dla-profesjonalistow\/wzorniki-kolorow?gclid=Cj0KCQjw24qHBhCnARIsAPbdtlLLD4AdTYMcaApfznp2G1Oy7yKJYZpQWIrZ8Ms1XVeATpuW6prH8U0aAoUkEALw_wcB\" target=\"_blank\" rel=\"noreferrer noopener\" data-type=\"URL\" data-id=\"https:\/\/tikkurila.pl\/dla-profesjonalistow\/wzorniki-kolorow?gclid=Cj0KCQjw24qHBhCnARIsAPbdtlLLD4AdTYMcaApfznp2G1Oy7yKJYZpQWIrZ8Ms1XVeATpuW6prH8U0aAoUkEALw_wcB\">Wzorniki kolor\u00f3w dla profesjonalist\u00f3w <br \/>Inspiracje i pomys\u0142y na malowanie<\/a><\/span><\/strong><\/td>\r\n<\/tr>\r\n<\/tbody>\r\n<\/table>\r\n<table style=\"border-collapse: collapse; width: 100%;\">\r\n<tbody>\r\n<tr>\r\n<td style=\"width: 50%;\"><img loading=\"lazy\" decoding=\"async\" class=\"alignnone  wp-image-228\" src=\"https:\/\/ph3xm.pl\/wp-content\/uploads\/2025\/08\/beckers-logo-png-transparent.png\" alt=\"\" width=\"151\" height=\"151\" srcset=\"https:\/\/ph3xm.pl\/wp-content\/uploads\/2025\/08\/beckers-logo-png-transparent.png 2400w, https:\/\/ph3xm.pl\/wp-content\/uploads\/2025\/08\/beckers-logo-png-transparent-300x300.png 300w, https:\/\/ph3xm.pl\/wp-content\/uploads\/2025\/08\/beckers-logo-png-transparent-1024x1024.png 1024w, https:\/\/ph3xm.pl\/wp-content\/uploads\/2025\/08\/beckers-logo-png-transparent-150x150.png 150w, https:\/\/ph3xm.pl\/wp-content\/uploads\/2025\/08\/beckers-logo-png-transparent-768x768.png 768w, https:\/\/ph3xm.pl\/wp-content\/uploads\/2025\/08\/beckers-logo-png-transparent-1536x1536.png 1536w, https:\/\/ph3xm.pl\/wp-content\/uploads\/2025\/08\/beckers-logo-png-transparent-2048x2048.png 2048w, https:\/\/ph3xm.pl\/wp-content\/uploads\/2025\/08\/beckers-logo-png-transparent-1560x1560.png 1560w\" sizes=\"auto, (max-width: 151px) 100vw, 151px\" \/><\/td>\r\n<td style=\"width: 50%;\"><span style=\"color: #333333;\"><strong><a style=\"color: #333333;\" href=\"https:\/\/beckers.pl\/kolory\" target=\"_blank\" rel=\"noreferrer noopener\">Kolory<br \/>Inspiracje<\/a><\/strong><\/span><\/td>\r\n<\/tr>\r\n<\/tbody>\r\n<\/table>\r\n<table style=\"border-collapse: collapse; width: 100%;\">\r\n<tbody>\r\n<tr>\r\n<td style=\"width: 50%;\"><img loading=\"lazy\" decoding=\"async\" class=\"alignnone  wp-image-246\" src=\"https:\/\/ph3xm.pl\/wp-content\/uploads\/2025\/08\/pobrane.jpg\" alt=\"\" width=\"139\" height=\"104\" srcset=\"https:\/\/ph3xm.pl\/wp-content\/uploads\/2025\/08\/pobrane.jpg 474w, https:\/\/ph3xm.pl\/wp-content\/uploads\/2025\/08\/pobrane-300x225.jpg 300w\" sizes=\"auto, (max-width: 139px) 100vw, 139px\" \/><\/td>\r\n<td style=\"width: 50%;\"><span style=\"color: #333333;\"><strong><a style=\"color: #333333;\" href=\"https:\/\/www.dulux.pl\/pl\/paleta-kolorow\/h_bialy?hue-auto-load=1\">P<\/a><a style=\"color: #333333;\" href=\"https:\/\/www.dulux.pl\/pl\/paleta-kolorow\/h_bialy?hue-auto-load=1\" target=\"_blank\" rel=\"noreferrer noopener\">rzegl\u0105daj kolory farb <br \/>Inspiracje<\/a><\/strong><\/span><\/td>\r\n<\/tr>\r\n<\/tbody>\r\n<\/table>\r\n<table style=\"border-collapse: collapse; width: 100%;\">\r\n<tbody>\r\n<tr>\r\n<td style=\"width: 50%;\"><img loading=\"lazy\" decoding=\"async\" class=\"alignnone  wp-image-265\" src=\"https:\/\/ph3xm.pl\/wp-content\/uploads\/2025\/08\/unnamed.png\" alt=\"\" width=\"152\" height=\"152\" srcset=\"https:\/\/ph3xm.pl\/wp-content\/uploads\/2025\/08\/unnamed.png 512w, https:\/\/ph3xm.pl\/wp-content\/uploads\/2025\/08\/unnamed-300x300.png 300w, https:\/\/ph3xm.pl\/wp-content\/uploads\/2025\/08\/unnamed-150x150.png 150w\" sizes=\"auto, (max-width: 152px) 100vw, 152px\" \/><\/td>\r\n<td style=\"width: 50%;\"><span style=\"color: #333333;\"><strong><a style=\"color: #333333;\" href=\"https:\/\/www.sadolin.pl\/pl\/produkty\/sadolin-lakierobejca-extreme\" target=\"_blank\" rel=\"noreferrer noopener\">Sadolin Lakierobejca EXTREME<br \/><\/a><a style=\"color: #333333;\" href=\"https:\/\/www.sadolin.pl\/pl\/produkty\/sadolin-lakierobejca-extreme\" target=\"_blank\" rel=\"noreferrer noopener\">Sadolin Lakierobejca<\/a><a style=\"color: #333333;\" href=\"https:\/\/www.sadolin.pl\/pl\/produkty\/sadolin-lakierobejca-extreme\" target=\"_blank\" rel=\"noreferrer noopener\"> EXTRA<br \/><\/a><a style=\"color: #333333;\" href=\"https:\/\/www.sadolin.pl\/pl\/produkty\/sadolin-lakierobejca-extreme\" target=\"_blank\" rel=\"noreferrer noopener\">Sadolin Lakierobejca<\/a><a style=\"color: #333333;\" href=\"https:\/\/www.sadolin.pl\/pl\/produkty\/sadolin-lakierobejca-extreme\" target=\"_blank\" rel=\"noreferrer noopener\"> 3w1<br \/>Pomys\u0142y i porady<\/a><\/strong><\/span><\/td>\r\n<\/tr>\r\n<\/tbody>\r\n<\/table>\r\n<p><\/p>\r\n<table style=\"border-collapse: collapse; width: 100%;\">\r\n<tbody>\r\n<tr>\r\n<td style=\"width: 50%;\"><img loading=\"lazy\" decoding=\"async\" class=\"alignnone  wp-image-266\" src=\"https:\/\/ph3xm.pl\/wp-content\/uploads\/2025\/08\/unnamed-1.png\" alt=\"\" width=\"131\" height=\"131\" srcset=\"https:\/\/ph3xm.pl\/wp-content\/uploads\/2025\/08\/unnamed-1.png 512w, https:\/\/ph3xm.pl\/wp-content\/uploads\/2025\/08\/unnamed-1-300x300.png 300w, https:\/\/ph3xm.pl\/wp-content\/uploads\/2025\/08\/unnamed-1-150x150.png 150w\" sizes=\"auto, (max-width: 131px) 100vw, 131px\" \/><\/td>\r\n<td style=\"width: 50%;\"><span style=\"color: #333333;\"><strong><a style=\"color: #333333;\" href=\"https:\/\/nobiles.pl\/produkty\/sciany-i-sufity\/pory-roku\/?gclid=Cj0KCQjw24qHBhCnARIsAPbdtlIPhjProVCEO9h1o4Qp8S_ab3DDC_EjRdEo48Y1EEoSBh54n8tsoQMaAj38EALw_wcB&amp;gclsrc=aw.ds\" target=\"_blank\" rel=\"noreferrer noopener\">Nobiles Pory Roku<br \/>Inspiracje<\/a><\/strong><\/span><\/td>\r\n<\/tr>\r\n<\/tbody>\r\n<\/table>\r\n<table style=\"border-collapse: collapse; width: 100%;\">\r\n<tbody>\r\n<tr>\r\n<td style=\"width: 50%;\"><span style=\"color: #333333;\"><strong><img loading=\"lazy\" decoding=\"async\" class=\"alignnone  wp-image-267\" src=\"https:\/\/ph3xm.pl\/wp-content\/uploads\/2025\/08\/unnamed-2.png\" alt=\"\" width=\"117\" height=\"117\" srcset=\"https:\/\/ph3xm.pl\/wp-content\/uploads\/2025\/08\/unnamed-2.png 512w, https:\/\/ph3xm.pl\/wp-content\/uploads\/2025\/08\/unnamed-2-300x300.png 300w, https:\/\/ph3xm.pl\/wp-content\/uploads\/2025\/08\/unnamed-2-150x150.png 150w\" sizes=\"auto, (max-width: 117px) 100vw, 117px\" \/><\/strong><\/span><\/td>\r\n<td style=\"width: 50%;\"><span style=\"color: #333333;\"><strong><a style=\"color: #333333;\" href=\"https:\/\/www.hammerite.pl\/produkty\/\" target=\"_blank\" rel=\"noreferrer noopener\">Produkty<\/a><\/strong><\/span><\/td>\r\n<\/tr>\r\n<\/tbody>\r\n<\/table>","protected":false},"excerpt":{"rendered":"<p>&nbsp; Wzorniki kolor\u00f3w dla profesjonalist\u00f3w Inspiracje i pomys\u0142y na malowanie KoloryInspiracje Przegl\u0105daj kolory farb Inspiracje Sadolin Lakierobejca EXTREMESadolin Lakierobejca EXTRASadolin Lakierobejca 3w1Pomys\u0142y i porady Nobiles Pory RokuInspiracje Produkty<\/p>\n","protected":false},"author":1,"featured_media":0,"parent":0,"menu_order":0,"comment_status":"closed","ping_status":"closed","template":"","meta":{"om_disable_all_campaigns":false,"_monsterinsights_skip_tracking":false,"_monsterinsights_sitenote_active":false,"_monsterinsights_sitenote_note":"","_monsterinsights_sitenote_category":0,"footnotes":""},"class_list":["post-82","page","type-page","status-publish","hentry"],"aioseo_notices":[],"_links":{"self":[{"href":"https:\/\/ph3xm.pl\/index.php?rest_route=\/wp\/v2\/pages\/82","targetHints":{"allow":["GET"]}}],"collection":[{"href":"https:\/\/ph3xm.pl\/index.php?rest_route=\/wp\/v2\/pages"}],"about":[{"href":"https:\/\/ph3xm.pl\/index.php?rest_route=\/wp\/v2\/types\/page"}],"author":[{"embeddable":true,"href":"https:\/\/ph3xm.pl\/index.php?rest_route=\/wp\/v2\/users\/1"}],"replies":[{"embeddable":true,"href":"https:\/\/ph3xm.pl\/index.php?rest_route=%2Fwp%2Fv2%2Fcomments&post=82"}],"version-history":[{"count":21,"href":"https:\/\/ph3xm.pl\/index.php?rest_route=\/wp\/v2\/pages\/82\/revisions"}],"predecessor-version":[{"id":270,"href":"https:\/\/ph3xm.pl\/index.php?rest_route=\/wp\/v2\/pages\/82\/revisions\/270"}],"wp:attachment":[{"href":"https:\/\/ph3xm.pl\/index.php?rest_route=%2Fwp%2Fv2%2Fmedia&parent=82"}],"curies":[{"name":"wp","href":"https:\/\/api.w.org\/{rel}","templated":true}]}}