{"id":74,"date":"2021-07-05T22:37:38","date_gmt":"2021-07-05T20:37:38","guid":{"rendered":"https:\/\/rrkserwis.nazwa.pl\/3xm\/?page_id=74"},"modified":"2021-07-05T22:43:47","modified_gmt":"2021-07-05T20:43:47","slug":"dulux","status":"publish","type":"page","link":"https:\/\/ph3xm.pl\/?page_id=74","title":{"rendered":"Dulux"},"content":{"rendered":"\n<figure class=\"wp-block-embed is-type-video is-provider-youtube wp-block-embed-youtube wp-embed-aspect-16-9 wp-has-aspect-ratio\"><div class=\"wp-block-embed__wrapper\">\n<iframe loading=\"lazy\" title=\"Dulux EasyCare - farby \u0142atwe do czyszczenia\" width=\"780\" height=\"439\" src=\"https:\/\/www.youtube.com\/embed\/bsEvzSCCLI8?feature=oembed\" frameborder=\"0\" allow=\"accelerometer; autoplay; clipboard-write; encrypted-media; gyroscope; picture-in-picture\" allowfullscreen><\/iframe>\n<\/div><\/figure>\n\n\n\n<p>Zainspiruj si\u0119 najnowszymi trendami aran\u017cacji wn\u0119trz, wybierz kolor i produkt najlepiej dopasowany do Twoich potrzeb.<br><br><strong>Karta Kolor\u00f3w<\/strong>&nbsp;to \u017ar\u00f3d\u0142o inspiracji dla Twojego domu.<br><br>Znajdziesz w niej:<\/p>\n\n\n\n<ul class=\"wp-block-list\"><li>blisko 30 aran\u017cacji wn\u0119trz wraz z rekomendacj\u0105 kolor\u00f3w do konkretnego pomieszczenia<\/li><li>najnowsze trendy kolorystyczne i nowo\u015bci produktowe<\/li><li>inspiracje najpi\u0119kniejszymi zak\u0105tkami \u015bwiata<\/li><li>paleta wszystkich kolor\u00f3w w jednym miejscu<\/li><li>praktyczne porady oraz u\u017cyteczny opis produkt\u00f3w<\/li><\/ul>\n\n\n\n<p class=\"has-luminous-vivid-orange-color has-text-color has-medium-font-size\"><a href=\"http:\/\/kartakolorow.duluxpolska.pl\/\"><strong>KARTA KOLOR\u00d3W FARB DULU<\/strong>X &#8211; przegl\u0105daj on-line<\/a><\/p>\n\n\n\n<figure class=\"wp-block-embed is-type-video is-provider-youtube wp-block-embed-youtube wp-embed-aspect-16-9 wp-has-aspect-ratio\"><div class=\"wp-block-embed__wrapper\">\n<iframe loading=\"lazy\" title=\"Dulux EasyCare+ Odporna na plamy + Przetarcia\" width=\"780\" height=\"439\" src=\"https:\/\/www.youtube.com\/embed\/94MDVZ2hz_0?feature=oembed\" frameborder=\"0\" allow=\"accelerometer; autoplay; clipboard-write; encrypted-media; gyroscope; picture-in-picture\" allowfullscreen><\/iframe>\n<\/div><\/figure>\n\n\n\n<p><\/p>\n","protected":false},"excerpt":{"rendered":"<p>Zainspiruj si\u0119 najnowszymi trendami aran\u017cacji wn\u0119trz, wybierz kolor i produkt najlepiej dopasowany do Twoich potrzeb. Karta Kolor\u00f3w&nbsp;to \u017ar\u00f3d\u0142o inspiracji dla Twojego domu. Znajdziesz w niej: blisko 30 aran\u017cacji wn\u0119trz wraz z rekomendacj\u0105 kolor\u00f3w do konkretnego pomieszczenia najnowsze trendy kolorystyczne i nowo\u015bci produktowe inspiracje najpi\u0119kniejszymi zak\u0105tkami \u015bwiata paleta wszystkich kolor\u00f3w w jednym miejscu praktyczne porady oraz&hellip; <\/p>\n<div class=\"readmore-wrapper\"><a href=\"https:\/\/ph3xm.pl\/?page_id=74\" class=\"more-link\">Read <\/a><\/div>\n","protected":false},"author":1,"featured_media":0,"parent":0,"menu_order":0,"comment_status":"closed","ping_status":"closed","template":"","meta":{"om_disable_all_campaigns":false,"_monsterinsights_skip_tracking":false,"_monsterinsights_sitenote_active":false,"_monsterinsights_sitenote_note":"","_monsterinsights_sitenote_category":0,"footnotes":""},"class_list":["post-74","page","type-page","status-publish","hentry"],"aioseo_notices":[],"_links":{"self":[{"href":"https:\/\/ph3xm.pl\/index.php?rest_route=\/wp\/v2\/pages\/74","targetHints":{"allow":["GET"]}}],"collection":[{"href":"https:\/\/ph3xm.pl\/index.php?rest_route=\/wp\/v2\/pages"}],"about":[{"href":"https:\/\/ph3xm.pl\/index.php?rest_route=\/wp\/v2\/types\/page"}],"author":[{"embeddable":true,"href":"https:\/\/ph3xm.pl\/index.php?rest_route=\/wp\/v2\/users\/1"}],"replies":[{"embeddable":true,"href":"https:\/\/ph3xm.pl\/index.php?rest_route=%2Fwp%2Fv2%2Fcomments&post=74"}],"version-history":[{"count":4,"href":"https:\/\/ph3xm.pl\/index.php?rest_route=\/wp\/v2\/pages\/74\/revisions"}],"predecessor-version":[{"id":81,"href":"https:\/\/ph3xm.pl\/index.php?rest_route=\/wp\/v2\/pages\/74\/revisions\/81"}],"wp:attachment":[{"href":"https:\/\/ph3xm.pl\/index.php?rest_route=%2Fwp%2Fv2%2Fmedia&parent=74"}],"curies":[{"name":"wp","href":"https:\/\/api.w.org\/{rel}","templated":true}]}}