{"id":57,"date":"2021-07-05T22:24:24","date_gmt":"2021-07-05T20:24:24","guid":{"rendered":"https:\/\/rrkserwis.nazwa.pl\/3xm\/?page_id=57"},"modified":"2025-02-18T22:05:15","modified_gmt":"2025-02-18T21:05:15","slug":"tikurrila","status":"publish","type":"page","link":"https:\/\/ph3xm.pl\/?page_id=57","title":{"rendered":"Tikkurila"},"content":{"rendered":"\r\n<h5 class=\"wp-block-heading\"><strong>Tikkurila Nature to linia farb nowej generacji dla os\u00f3b poszukuj\u0105cych rozwi\u0105za\u0144, kt\u00f3re zapewni\u0105 najwy\u017csz\u0105 jako\u015b\u0107 i funkcjonalno\u015b\u0107 pomalowanych powierzchni.<\/strong><\/h5>\r\n\r\n\r\n\r\n<h5 class=\"wp-block-heading\">SZANUJEMY ZASOBY NASZEJ PLANETY:<\/h5>\r\n\r\n\r\n\r\n<ul class=\"wp-block-list\">\r\n    <li>Farby zawieraj\u0105 sk\u0142adniki ro\u015blinne niewykorzystywane w produkcji \u017cywno\u015bci*.<\/li>\r\n    <li>Surowce nieodnawialne zast\u0119pujemy sk\u0142adnikami odnawialnymi.<\/li>\r\n<\/ul>\r\n\r\n\r\n\r\n<h5 class=\"wp-block-heading\">OPAKOWANIA FARB TIKKURILA NATURE ZOSTA\u0141Y WYPRODUKOWANE W OPARCIU O SUROWCE POCHODZ\u0104CE Z RECYKLINGU:<\/h5>\r\n\r\n\r\n\r\n<ul class=\"wp-block-list\">\r\n    <li>40-60% opakowania jest wytworzone z plastiku z recyklingu.<\/li>\r\n<\/ul>\r\n\r\n\r\n\r\n<h5 class=\"wp-block-heading\">BEZKOMPROMISOWA JAKO\u015a\u0106 FARB<\/h5>\r\n\r\n\r\n\r\n<ul class=\"wp-block-list\">\r\n    <li>Najwy\u017csza odporno\u015b\u0107 na zmywanie i szorowanie na mokro.<\/li>\r\n    <li>Jednorodna pow\u0142oka o estetycznym, jednolitym stopniu po\u0142ysku.<\/li>\r\n    <li>Doskona\u0142a si\u0142a krycia.<\/li>\r\n    <li>Trwa\u0142o\u015b\u0107 koloru w czasie.<\/li>\r\n<\/ul>\r\n\r\n\r\n\r\n<figure class=\"wp-block-embed is-type-video is-provider-youtube wp-block-embed-youtube wp-embed-aspect-16-9 wp-has-aspect-ratio\">\r\n    <div class=\"wp-block-embed__wrapper\">\r\n        <iframe loading=\"lazy\" width=\"560\" height=\"315\" src=\"https:\/\/www.youtube.com\/embed\/osNK8nVpsEc\" frameborder=\"0\" allowfullscreen><\/iframe>\r\n    <\/div>\r\n<\/figure>\r\n\r\n\r\n\r\n<h5 class=\"wp-block-heading\">FARBY PRZYJAZNE DLA ZDROWIA I \u015aRODOWISKA<\/h5>\r\n\r\n\r\n\r\n<figure class=\"wp-block-embed is-type-video is-provider-youtube wp-block-embed-youtube wp-embed-aspect-16-9 wp-has-aspect-ratio\">\r\n    <div class=\"wp-block-embed__wrapper\">\r\n        <iframe loading=\"lazy\" width=\"560\" height=\"315\" src=\"https:\/\/www.youtube.com\/embed\/733JueexZuw\" frameborder=\"0\" allowfullscreen><\/iframe>\r\n    <\/div>\r\n<\/figure>\r\n\r\n\r\n\r\n<p><em>*Farba zawiera sk\u0142adniki pochodzenia ro\u015blinnego w ilo\u015bci 30% wyra\u017conej jako u\u0142amek zawarto\u015bci w\u0119gla organicznego, oznaczonej zgodnie z ASTM D6866-18.<\/em><\/p>\r\n\r\n","protected":false},"excerpt":{"rendered":"<p>Tikkurila Nature to linia farb nowej generacji dla os\u00f3b poszukuj\u0105cych rozwi\u0105za\u0144, kt\u00f3re zapewni\u0105 najwy\u017csz\u0105 jako\u015b\u0107 i funkcjonalno\u015b\u0107 pomalowanych powierzchni. SZANUJEMY ZASOBY NASZEJ PLANETY: Farby zawieraj\u0105 sk\u0142adniki ro\u015blinne niewykorzystywane w produkcji \u017cywno\u015bci*. Surowce nieodnawialne zast\u0119pujemy sk\u0142adnikami odnawialnymi. OPAKOWANIA FARB TIKKURILA NATURE ZOSTA\u0141Y WYPRODUKOWANE W OPARCIU O SUROWCE POCHODZ\u0104CE Z RECYKLINGU: 40-60% opakowania jest wytworzone z plastiku&hellip; <\/p>\n<div class=\"readmore-wrapper\"><a href=\"https:\/\/ph3xm.pl\/?page_id=57\" class=\"more-link\">Read <\/a><\/div>\n","protected":false},"author":1,"featured_media":0,"parent":0,"menu_order":0,"comment_status":"closed","ping_status":"closed","template":"","meta":{"om_disable_all_campaigns":false,"_monsterinsights_skip_tracking":false,"_monsterinsights_sitenote_active":false,"_monsterinsights_sitenote_note":"","_monsterinsights_sitenote_category":0,"footnotes":""},"class_list":["post-57","page","type-page","status-publish","hentry"],"aioseo_notices":[],"_links":{"self":[{"href":"https:\/\/ph3xm.pl\/index.php?rest_route=\/wp\/v2\/pages\/57","targetHints":{"allow":["GET"]}}],"collection":[{"href":"https:\/\/ph3xm.pl\/index.php?rest_route=\/wp\/v2\/pages"}],"about":[{"href":"https:\/\/ph3xm.pl\/index.php?rest_route=\/wp\/v2\/types\/page"}],"author":[{"embeddable":true,"href":"https:\/\/ph3xm.pl\/index.php?rest_route=\/wp\/v2\/users\/1"}],"replies":[{"embeddable":true,"href":"https:\/\/ph3xm.pl\/index.php?rest_route=%2Fwp%2Fv2%2Fcomments&post=57"}],"version-history":[{"count":8,"href":"https:\/\/ph3xm.pl\/index.php?rest_route=\/wp\/v2\/pages\/57\/revisions"}],"predecessor-version":[{"id":209,"href":"https:\/\/ph3xm.pl\/index.php?rest_route=\/wp\/v2\/pages\/57\/revisions\/209"}],"wp:attachment":[{"href":"https:\/\/ph3xm.pl\/index.php?rest_route=%2Fwp%2Fv2%2Fmedia&parent=57"}],"curies":[{"name":"wp","href":"https:\/\/api.w.org\/{rel}","templated":true}]}}